2 - (7 - 6)) + -2
-1
Evaluate -8 + 17 + -16 - -1.
-6
Calculate 13 - ((5 - 10) + 13).
5
(0 - 12) + 8 - -1
-3
Calculate 3 + (7 + -14 + 12 - 4).
4
What is the value of 39 + -42 + (3 - 1)?
-1
What is 3 + -2 + 2 - 1?
2
Evaluate (8 - (6 + 4)) + (-2 - -7).
3
Calculate -7 + 9 - (-1 - -1).
2
Evaluate (-2 - -1) + 3 + 0.
2
0 - (7 + -4) - -4
1
Evaluate -3 + -2 - -6 - (6 - 2).
-3
Calculate 2 - (6 + (-3 - 1)).
0
What is the value of 11 + -13 + -2 + 0 + 9?
5
2 + (-3 - (-7 - -4))
2
What is 2 + -2 - (-6 + 10)?
-4
Calculate 12 - ((0 - 10) + 13).
9
What is (0 - 4) + 5 + (-3 - 5)?
-7
-2 + -1 - (5 - (4 - -1))
-3
(3 - -3) + (-5 - (7 + -5))
-1
What is the value of 4 - 2 - (-3 + (-5 - -13))?
-3
Calculate 0 + 1 - (2 - (-5 + 3)).
-3
-2 + 3 + 0 + 0 + 2
3
Calculate 3 - (-6 - (4 + -6)) - 5.
2
What is (0 - -3) + (5 - 7) + 3?
4
Evaluate 31 - 28 - (1 - 1).
3
Evaluate 4 + -3 + 9 + -7.
3
(-1 - -3) + -7 - -4
-1
What is the value of (-4 - -2) + 2 + 3 + -5?
-2
Calculate -2 - (1 + 0 + 2).
-5
Evaluate 0 - (4 + -6 - -1).
1
1 + -2 - (0 - -5 - 6)
0
Evaluate 7 - (0 + 10) - -1.
-2
What is (-3 + -8 - -5) + 2 + 0?
-4
Evaluate 2 + 0 + (-10 - -3) + 4.
-1
-3 + -5 + 4 - (-6 + 2)
0
Calculate (-2 - 1) + (4 - 0).
1
Calculate 2 - ((-2 - -7) + (-3 - -2)).
-2
What is 0 - (3 + -10 + 2)?
5
What is the value of 13 - (2 - 1) - (-194 + 199)?
7
What is the value of -4 - (7 - (-7 - -13))?
-5
7 - (-6 + 2 - (1 + -8))
4
(1 - 6) + (6 - 1) + -2
-2
Calculate 5 + (1 - (2 + 0 - 1)).
5
What is -3 + (5 - (-8 + (6 - -6)))?
-2
-2 - -5 - (1 + 2)
0
0 - 0 - (3 + 1 + -1)
-3
0 - (-2 - (8 + -7 + -1))
2
Evaluate 2 + -2 + -1 - (-7 - -2).
4
What is the value of 1 + (-5 - -4) + (6 - 8)?
-2
What is (2 - -2) + -2 - (-8 + 7)?
3
(4 - 1 - 5) + 1 - 2
-3
What is the value of -1 + 14 + -6 + -9?
-2
What is the value of 4 + 3 + -2 + (-3 - 1)?
1
Evaluate -3 - ((-7 - 0) + 13).
-9
(2 - -5) + (11 - 14)
4
What is -9 + 2 + 2 - 0?
-5
Evaluate -4 + 0 - (9 - 8 - 10).
5
What is (0 - -4) + 0 + -21 + 11?
-6
What is -7 + 6 + -7 - -6?
-2
Calculate -5 + (-6 - (0 + -7)).
-4
Calculate -4 - (10 + -11 - (1 - 2)).
-4
Calculate 2 + -9 + (-45 - -48).
-4
Calculate -4 - -1 - (-40 - -31).
6
Evaluate (-5 + 1 - -2) + 3.
1
What is (-1 - (2 + 1 - 4)) + -1?
-1
Calculate (6 - 1 - 4) + 3 + -1.
3
What is the value of -4 + 6 + 1 + -5 - -4?
2
What is -1 - (-4 - (3 - 3))?
3
What is 5 + 0 + -1 + 0?
4
Calculate 9 - (4 + (1 + -5 - -4)).
5
(6 + -1 - 2) + 0
3
4 + (-1 - (-3 + -1) - 2)
5
(-2 - (-3 + 7 + -4)) + 3
1
What is -2 + (-10 - -8) + 10 + -1?
5
Calculate 8 - 13 - (-2 + 1).
-4
What is -2 - (-2 + 8 - 2)?
-6
Evaluate -1 + -3 + (-2 - (-1 - 0)).
-5
What is 3 - (4 - (-2 + 5))?
2
What is the value of (-5 + -1 + 6 - 4) + 9?
5
Evaluate -2 + 5 - (15 - 13).
1
What is the value of -7 + 2 + 3 + 5?
3
(2 - (4 - -1)) + (2 - 0)
-1
Evaluate (1 - -1) + (4 - (3 - -4)).
-1
Calculate 1 + (3 - (-4 + 5)).
3
Calculate (-2 - (-1 - 1)) + (16 - 15).
1
What is the value of (2 - 0) + (16 - 7 - 6)?
5
Calculate -15 + 18 - (2 - 1).
2
-1 + -1 - (9 + (-16 - 1))
6
-53 + 42 - (0 - 6)
-5
What is the value of -5 - -1 - (-9 - (0 + -5))?
0
Evaluate -1 - 0 - (-24 - -21).
2
Calculate 11 + -14 + 7 + 2.
6
Calculate -5 + 4 + 5 - -1.
5
What is the value of -2 + (1 - -13) + 49 + -55?
6
What is 3 + 2 + -2 + -31 + 34?
6
What is 4 + -3 + (-3 - -9 - 0)?
7
Evaluate 4 + (5 - 3) + (-2 - 1).
3
What is 5 + 2 + 28 + -41?
-6
What is the value of 2 + -2 + -2 - -1?
-1
Evaluate -5 - 0 - (-6 + -4).
5
Calculate -7 + -4 + 13 - (0 - -2).
0
Evaluate 7 + 5 + (-6 - 5 - -3).
4
Evaluate 1 + (0 - (0 - -1) - -1).
1
What is 5 - 6 - (8 + -4 + 1)?
-6
0 + (1 - (-2 - -2) - -4)
5
(3 - 8) + 6 - 2
-1
Calculate (5 - (8 + -5)) + 2.
4
What is -3 - (-5 - -1) - 2?
-1
What is the value of -5 + 4 - -3 - 5?
-3
Evaluate -1 - -6 - (-3 + -5 + 12).
1
Evaluate (8 - 7) + (2 - 7) + -2.
-6
Calculate (-11 - -3) + 6 - -5.
3
-2 + (-1 - -4) + 3
4
3 + -11 + -8 + 14
-2
Evaluate 4 + (11 - 22) - -2.
-5
9 + -4 - 5 - (-1 - 0)
1
Calculate (2 - (4 + -5 + 2)) + 0.
1
What is -1 - -2 - ((8 - 3) + -8)?
4
(12 - 1) + 68 + -77
2
Evaluate -5 + (1 - 3) + 10.
3
Evaluate 0 + -1 + (60 - 62).
-3
Calculate -1 - -4 - (16 - 19).
6
What is the value of (1 - 7) + 4 + -3?
-5
(-5 - (2 + -6)) + 5
4
Evaluate -9 - (-1 - -2 - (-6 - -10)).
-6
What is -15 + 7 + (12 - 3)?
1
What is the value of -2 - (-1 + 7 + -4)?
-4
Calculate -1 + (-5 - (-1 - 4)).
-1
Evaluate 0 + 3 + -1 + (4 - 5).
1
What is 3 + (0 - 1 - -3) + -2?
3
What is (2 + 9 - (-2 + 8)) + 4?
9
What is -3 + 0 + -2 + 4?
-1
What is the value of (-13 - -7) + 12 + -3?
3
Calculate 2 + (2 - 8) - -10.
6
What is 3 + 0 - (7 - (3 + 4))?
3
Calculate -6 - (-1 - -1) - (248 - 255).
1
What is (-4 + 7 + 8 - 6) + 3?
8
Calculate 12 - (2 - (-13 - -9 - 0)).
6
What is the value of 5 - (3 + -4 + 12)?
-6
What is the value of (-4 - -5) + 4 - 1?
4
What is 0 + -11 + -2 + 11?
-2
What is the value of 9 + (-1 + -6 - -10 - 3)?
9
Calculate 5 + 8 + -6 + -6.
1
(-1 - 4) + -4 + 3
-6
What is (-1 - -5 - -2) + -3?
3
Evaluate 2 + (-3 + 0 - 0).
-1
Evaluate 0 - ((-4 - -5) + -5).
4
Calculate 4 - 12 - (-17 - -3).
6
What is (-6 - -17 - 8) + -6?
-3
What is the value of (1 - (-3 + 1) - 9) + 6?
0
What is (14 - (5 + 10)) + -1 + -4?
-6
28 - 27 - (10 + (3 - 4))
-8
(7 + -13 - -5) + 6 + -5
0
What is -3 + -2 + -1 + 3?
-3
What is 9 - (3 + (-6 - (-9 - 0)))?
3
Evaluate 5 + (0 - -8) + -7.
6
What is the value of 0 + 3 + (-2 - -3)?
4
Evaluate 3 + 3 + 3 + -11.
-2
Calculate (11 - 12) + 2 + -1 + 1.
1
What is 0 + (2 + -2 - -4 - 2)?
2
What is the value of (-2 - -1) + (22 - 21)?
0
What is -5 - (8 - 6 - 8)?
1
Calculate -45 - -49 - (0 - -6).
-2
1 + -2 - (-5 + 5)
-1
Evaluate 5 + (-2 - 5) + 7.
5
-1 - (-1 - 10 - -4)
6
What is -3 - (-10 - 0) - (7 + -6)?
6
1 + -2 + (-1 - -1)
-1
Evaluate -3 + (5 - (-1 - (-3 + 5))).
5
What is the value of 2 - (-5 - (-11 - (0 + 4)))?
-8
Calculate 42 + -47 + (-3 - (-15 + -2)).
9
What is the value of 1 - (-3 - -2 - (-1 - -1))?
2
What is -2 + 0 + 4 - (3 + 1)?
-2
(6 + -14 - -2) + 7 + 5
6
What is the value of -3 - (-3 - 4) - (0 - -2)?
2
What is the value of -8 + 10 - (2 + -3 - 3)?
6
Evaluate -4 - (4 + (7 - (2 + 5))).
-8
What is -4 + 1 + 3 + (3 - 3)?
0
Calculate (5 + -1 - 6) + 1.
-1
What is the value of -42 + 51 + (-1 - 3)?
5
Calculate 9 - (14 + -3) - -1.
-1
(-4 - -4) + -2 + 2
0
What is the value of -2 + (2 - 4) + 5 + 0?
1
What is the value of -6 + -2 + (1 - -2)?
-5
What is the value of (-6 - 4) + 14 - 2?
2
Evaluate (-14 + 8 - -4) + 3.
1
(1 - 3) + 2 + -3
-3
Calculate 2 + (0 - (4 - -5)) - -5.
-2
Calculate 2 - (-3 - -8) - -2.
-1
What is 2 + (0 - (-5 - -9))?
-2
Evaluate 2 + (2 - 10) - (25 + -30).
-1
Evaluate 1 + 4 + (7 - 6).
6
0 + 3 + 12 + -1 + -15
-1
What is -8 + (36 - 9 - 9)?
10
What is -13 + 9 + (1 - 2)?
-5
Calculate -6 + 7 - (5 + -7).
3
-1 + -5 + (0 - 0)
-6
What is the value of -3 - (3 - (-1 - (-10 + 5)))?
-2
Calculate (-4 - (-1 + -2)) + -2 - -1.
-2
What is 8 - 5 - (-2 + 2)?
3
Evaluate -3 + -4 + -3 + 5 - -4.
-1
9 + -4 + (-10 - -1) - -9
5
What is 1 + -5 - (0 + (6 - 5))?
-5
Evaluate -13 + (4 - 6) + 10.
-5
Evaluate 6 + (-3 + 8 - (15 + 1)).
-5
5 - (-1 - 0) - 7
-1
Evaluate (1 - 0 - -3) + 0 + 2.
6
Evaluate -3 + 2 + (3 - 4) + -1.
-3
-1 + 0 - (-2 - 3)
4
Calculate -3 - -8 - (1 + -1 + 3).
2
(-1 - (0 - -3)) + (-6 - -10)
0
What is the value of 9 + -10 + 3 + (-14 - -5)?
-7
6 - 0 - (-1 + -9 + 14)
2
What is -4 + (1 - -1) + -1?
-3
-6 - (5 + -3 + -7)
-1
What is the value of 4 + 1 + -2 + (4 - 0)?
7
What is 1 + (2 - -1 - (-3 + 9))?
-2
What is 14 + -17 + 0 + 3 + -2?
-2
Calculate 0 - 7 - (80 + -85).
-2
Calculate 7 - -1 - (-36 - -43).
1
What is (-2 - -1 - -8) + (-21 - -17)?
3
What is the value of -2 + -5 + -2 + 6 + -2?
-5
What is the value of (3 - 2 - -1) + (-3 - -7)?
6
Evaluate (-4 - -4 - 6 - -2) + 3.
-1
Calculate 13 + -25 - -16 - (0 + 5).
-1
Evaluate 2 + 0 + (3 - (-3 - -7)).
1
Evaluate (-1 - 9) + -29 + 33.
-6
What is 3 - (-2 + 7 - -2)?
-4
Calculate -1 + 1 + 1 + 5.
6
What is the value of 0 - (12 - (-2 + 13))?
-1
What is the value of (-2 - 1) + -5 + (4 - 1)?
-5
Calculate (-7 - -13 - 15) + 7.
-2
(1 - 2) + (-2 - -2) + 2
1
Evaluate 0 - (-1 + -1 + 2 + -3).
3
(3 - (-6 + 12)) + 3 + -1
-1
What is 0 + 0 + (-7 - -4) + 3?
0
What is the value of -8 - (-16 - (-15 - -6))?
-1
Evaluate -12 + 22 + -5 - 5.
0
-24 - -22 - (4 + -3 + -3)
0
What is the value of -1 - ((0 - 6) + 9)?
-4
What is the value of 0 + 2 + (9 - (-3 + 15))?
-1
-1